{"id":83,"date":"2015-09-01T16:57:07","date_gmt":"2015-09-01T16:57:07","guid":{"rendered":"http:\/\/axarquiaonline.com\/?page_id=83"},"modified":"2015-09-01T18:09:32","modified_gmt":"2015-09-01T18:09:32","slug":"sayalonga","status":"publish","type":"page","link":"https:\/\/axarquiaonline.com\/index.php\/sayalonga\/","title":{"rendered":"Sayalonga"},"content":{"rendered":"<p style=\"text-align: left;\"><a href=\"http:\/\/axarquiaonline.com\/wp-content\/uploads\/2015\/09\/26-Sayalonga.gif\"><img loading=\"lazy\" decoding=\"async\" class=\"size-full wp-image-180 alignright\" src=\"http:\/\/axarquiaonline.com\/wp-content\/uploads\/2015\/09\/26-Sayalonga.gif\" alt=\"26-Sayalonga\" width=\"153\" height=\"153\" \/><\/a><\/p>\n<p style=\"text-align: justify;\">* Enclavada entre bancales cultivados de vi\u00f1edos, naranjos y olivares, esta villa blanca ofrece al visitante uos excelentes vinos del terreno y la posibilidad de disfrutar de verdes y frescos parajes como \u00bb El Molino \u00bb zona situada en el fondo del valle donde serpentea el r\u00edo Sayalonga. En su n\u00facleo urbano merece la pena visitar su cementerio, de curiosa estructura circular y nichos abovedados, as\u00ed como la Iglesia se Santa Catalina, ( s. XVI ), de estilo mud\u00e9jar.<\/p>\n<div id=\"colpueblo\">\n<p><b>Superficie:<\/b><\/p>\n<p>18,18 Km\u00b2.<\/p>\n<p><b>Otras Poblaciones:<\/b><\/p>\n<p>Corumbela.<br \/>\nCarraspite.<\/p>\n<p><b>Habitantes:<\/b><\/p>\n<p>1.401.<\/p>\n<p><b>Fiestas Oficiales:<\/b><\/p>\n<p>29 de Julio.<br \/>\n7 de Octubre.<\/p>\n<\/div>\n<div id=\"colpueblo\">\n<p><b>Fiestas Populares:<\/b><\/p>\n<p><b>26, 27 y 28 de Julio:<\/b> Feria.<\/p>\n<p><b>7 de Octubre:<\/b> Festividad de la Virgen del Rosario.<\/p>\n<p><b><br \/>\nLugares de Inter\u00e9s:<\/b><\/p>\n<p><b>Parroquia de Santa Catalina, s.XVI.<\/b> Construcci\u00f3n mud\u00e9jar, posteriormente reformada.<\/p>\n<p><b>Parroquia de San Pedro,<\/b> (en el n\u00facleo anejo de Corumbela), aunque reformada en numerosas ocasiones queda patente su origen mud\u00e9jar.<\/p>\n<p><a href=\"http:\/\/axarquiaonline.com\/index.php\/salares\/\">Anterior pueblo&#8230;<\/a><br \/>\n<a href=\"http:\/\/axarquiaonline.com\/index.php\/sedella\/\">Siguiente pueblo&#8230;<\/a><\/p>\n<\/div>\n","protected":false},"excerpt":{"rendered":"<p>* Enclavada entre bancales cultivados de vi\u00f1edos, naranjos y olivares, esta villa blanca ofrece al visitante uos excelentes vinos del terreno y la posibilidad de disfrutar de verdes y frescos parajes como \u00bb El Molino \u00bb zona situada en el fondo del valle donde serpentea el r\u00edo Sayalonga. En su n\u00facleo urbano merece la pena &#8230; <a title=\"Sayalonga\" class=\"read-more\" href=\"https:\/\/axarquiaonline.com\/index.php\/sayalonga\/\" aria-label=\"Leer m\u00e1s sobre Sayalonga\">Leer m\u00e1s<\/a><\/p>\n","protected":false},"author":1,"featured_media":0,"parent":0,"menu_order":0,"comment_status":"closed","ping_status":"closed","template":"","meta":{"_seopress_robots_primary_cat":"","_seopress_titles_title":"","_seopress_titles_desc":"","_seopress_robots_index":"","_exactmetrics_skip_tracking":false,"_exactmetrics_sitenote_active":false,"_exactmetrics_sitenote_note":"","_exactmetrics_sitenote_category":0,"footnotes":""},"class_list":["post-83","page","type-page","status-publish"],"_links":{"self":[{"href":"https:\/\/axarquiaonline.com\/index.php\/wp-json\/wp\/v2\/pages\/83","targetHints":{"allow":["GET"]}}],"collection":[{"href":"https:\/\/axarquiaonline.com\/index.php\/wp-json\/wp\/v2\/pages"}],"about":[{"href":"https:\/\/axarquiaonline.com\/index.php\/wp-json\/wp\/v2\/types\/page"}],"author":[{"embeddable":true,"href":"https:\/\/axarquiaonline.com\/index.php\/wp-json\/wp\/v2\/users\/1"}],"replies":[{"embeddable":true,"href":"https:\/\/axarquiaonline.com\/index.php\/wp-json\/wp\/v2\/comments?post=83"}],"version-history":[{"count":3,"href":"https:\/\/axarquiaonline.com\/index.php\/wp-json\/wp\/v2\/pages\/83\/revisions"}],"predecessor-version":[{"id":182,"href":"https:\/\/axarquiaonline.com\/index.php\/wp-json\/wp\/v2\/pages\/83\/revisions\/182"}],"wp:attachment":[{"href":"https:\/\/axarquiaonline.com\/index.php\/wp-json\/wp\/v2\/media?parent=83"}],"curies":[{"name":"wp","href":"https:\/\/api.w.org\/{rel}","templated":true}]}}