{"id":63,"date":"2015-09-01T16:55:21","date_gmt":"2015-09-01T16:55:21","guid":{"rendered":"http:\/\/axarquiaonline.com\/?page_id=63"},"modified":"2015-09-03T19:00:02","modified_gmt":"2015-09-03T19:00:02","slug":"cutar","status":"publish","type":"page","link":"https:\/\/axarquiaonline.com\/index.php\/cutar\/","title":{"rendered":"C\u00fatar"},"content":{"rendered":"<p><a href=\"http:\/\/axarquiaonline.com\/wp-content\/uploads\/2015\/09\/16-Cutar.gif\"><img loading=\"lazy\" decoding=\"async\" class=\"size-full wp-image-149 alignright\" src=\"http:\/\/axarquiaonline.com\/wp-content\/uploads\/2015\/09\/16-Cutar.gif\" alt=\"16-Cutar\" width=\"153\" height=\"153\" \/><\/a><\/p>\n<p style=\"text-align: justify;\">* Recostada en una vertiente monta\u00f1osa, esta peque\u00f1a poblaci\u00f3n, cuya denominaci\u00f3n en \u00e1rabe era \u00abHisnaqut\u00bb, (castillo agudo), fue codiciada ya en sus or\u00edgenes por su importante producci\u00f3n de aceite y uvas pasas de fin\u00edsimo sabor. Desde su ubicaci\u00f3n podemos contemplar unas espl\u00e9ndidas vistas de cultivos de vi\u00f1edos y las mayores alturas de Sierra Tejeda. Podemos visitar, a pie de carretera, la Iglesia de la Encarnaci\u00f3n, de estilo mud\u00e9jar.<\/p>\n<div id=\"colpueblo\">\n<p><b>Superficie:<\/b><\/p>\n<p>54,70 Km\u00b2.<\/p>\n<p><b>Otras Poblaciones:<\/b><\/p>\n<p>Salto del Negro,<br \/>\nLa Zubia,<br \/>\nCortijo Grande.<\/p>\n<p><b>Habitantes:<\/b><\/p>\n<p>639.<\/p>\n<p><b>Fiestas Oficiales:<\/b><\/p>\n<p>6 de Junio.<br \/>\n19 de Agosto.<\/p>\n<\/div>\n<div id=\"colpueblo\">\n<p><b>Fiestas Populares:<\/b><\/p>\n<p><b>Primeros de Agosto:<\/b> Salto del Negro.<\/p>\n<p><b><br \/>\nLugares de Inter\u00e9s:<\/b><\/p>\n<p><b>Iglesia Parroquial de la Virgen de la Encarnaci\u00f3n, s. XVI,<\/b> reformada el s. XVIII.<\/p>\n<p><b>Restos arqueol\u00f3gicos<\/b> en la Pe\u00f1a de Hierro.<\/p>\n<p><a href=\"http:\/\/axarquiaonline.com\/index.php\/competa\/\">Anterior pueblo&#8230;<\/a><br \/>\n<a href=\"http:\/\/axarquiaonline.com\/index.php\/frigiliana\/\">Siguiente pueblo&#8230;<\/a><\/p>\n<\/div>\n","protected":false},"excerpt":{"rendered":"<p>* Recostada en una vertiente monta\u00f1osa, esta peque\u00f1a poblaci\u00f3n, cuya denominaci\u00f3n en \u00e1rabe era \u00abHisnaqut\u00bb, (castillo agudo), fue codiciada ya en sus or\u00edgenes por su importante producci\u00f3n de aceite y uvas pasas de fin\u00edsimo sabor. Desde su ubicaci\u00f3n podemos contemplar unas espl\u00e9ndidas vistas de cultivos de vi\u00f1edos y las mayores alturas de Sierra Tejeda. Podemos &#8230; <a title=\"C\u00fatar\" class=\"read-more\" href=\"https:\/\/axarquiaonline.com\/index.php\/cutar\/\" aria-label=\"Leer m\u00e1s sobre C\u00fatar\">Leer m\u00e1s<\/a><\/p>\n","protected":false},"author":1,"featured_media":0,"parent":0,"menu_order":0,"comment_status":"closed","ping_status":"closed","template":"","meta":{"_seopress_robots_primary_cat":"","_seopress_titles_title":"","_seopress_titles_desc":"","_seopress_robots_index":"","_exactmetrics_skip_tracking":false,"_exactmetrics_sitenote_active":false,"_exactmetrics_sitenote_note":"","_exactmetrics_sitenote_category":0,"footnotes":""},"class_list":["post-63","page","type-page","status-publish"],"_links":{"self":[{"href":"https:\/\/axarquiaonline.com\/index.php\/wp-json\/wp\/v2\/pages\/63","targetHints":{"allow":["GET"]}}],"collection":[{"href":"https:\/\/axarquiaonline.com\/index.php\/wp-json\/wp\/v2\/pages"}],"about":[{"href":"https:\/\/axarquiaonline.com\/index.php\/wp-json\/wp\/v2\/types\/page"}],"author":[{"embeddable":true,"href":"https:\/\/axarquiaonline.com\/index.php\/wp-json\/wp\/v2\/users\/1"}],"replies":[{"embeddable":true,"href":"https:\/\/axarquiaonline.com\/index.php\/wp-json\/wp\/v2\/comments?post=63"}],"version-history":[{"count":4,"href":"https:\/\/axarquiaonline.com\/index.php\/wp-json\/wp\/v2\/pages\/63\/revisions"}],"predecessor-version":[{"id":353,"href":"https:\/\/axarquiaonline.com\/index.php\/wp-json\/wp\/v2\/pages\/63\/revisions\/353"}],"wp:attachment":[{"href":"https:\/\/axarquiaonline.com\/index.php\/wp-json\/wp\/v2\/media?parent=63"}],"curies":[{"name":"wp","href":"https:\/\/api.w.org\/{rel}","templated":true}]}}