{"id":41,"date":"2015-09-01T16:53:24","date_gmt":"2015-09-01T16:53:24","guid":{"rendered":"http:\/\/axarquiaonline.com\/?page_id=41"},"modified":"2015-09-01T17:19:45","modified_gmt":"2015-09-01T17:19:45","slug":"almachar","status":"publish","type":"page","link":"https:\/\/axarquiaonline.com\/index.php\/almachar\/","title":{"rendered":"Alm\u00e1char"},"content":{"rendered":"<p><a href=\"http:\/\/axarquiaonline.com\/wp-content\/uploads\/2015\/09\/5-Almachar.gif\"><img loading=\"lazy\" decoding=\"async\" class=\"size-full wp-image-112 alignright\" src=\"http:\/\/axarquiaonline.com\/wp-content\/uploads\/2015\/09\/5-Almachar.gif\" alt=\"5-Almachar\" width=\"153\" height=\"153\" \/><\/a>* \u00bb Lugar de Prados \u00bb en \u00e1rabe, Almachar, centro de la Ruta de la Pasa y cuna del Ajo Blanco, una de las mejores sopas fr\u00edas de la gastronom\u00eda, que cuenta en este municipio con fiesta propia. Est\u00e1 situado entre suaves lomas jalonadas de vi\u00f1edos y paseros, donde se obtienen las pasas de reconocida fama mundial. Conserva un interesante casco antiguo con empinadas y blancas calles. El Museo de la Pasa es visita obligada en este municipio, adem\u00e1s del recorrido por sus calles, cuidadas con esmero por los vecinos.<\/p>\n<div id=\"colpueblo\">\n<p><b>Superficie:<\/b><\/p>\n<p>14,34 Km\u00b2.<\/p>\n<p><b>Otras Poblaciones:<\/b><\/p>\n<p>No tiene.<\/p>\n<p><b>Habitantes:<\/b><\/p>\n<p>1.898.<\/p>\n<p><b>Fiestas Oficiales:<\/b><\/p>\n<p>6 de Mayo.<br \/>\n26 de Julio.<\/p>\n<\/div>\n<div id=\"colpueblo\">\n<p><b>Fiestas Populares:<\/b><\/p>\n<p><b>5 de Mayo:<\/b> Fiestas del Santo Cristo de la Banda Verde.<\/p>\n<p><b>27 y 28 de Julio:<\/b> Fiestas Patronales.<\/p>\n<p><b>1 de Septiembre: <\/b>Fiesta del Ajo Blanco.<\/p>\n<p><b><br \/>\nLugares de Inter\u00e9s:<\/b><\/p>\n<p><b>Parroquia se San Mateo, s. XVI,<\/b> de estilo G\u00f3tico-renacentista, con una torre campanario mud\u00e9jar de secci\u00f3n cuadrada.<\/p>\n<p><b>El Museo de la Pasa.<\/b><\/p>\n<p><a href=\"http:\/\/axarquiaonline.com\/index.php\/algarrobo\/\">Anterior pueblo&#8230;<\/a><br \/>\n<a href=\"http:\/\/axarquiaonline.com\/index.php\/archez\/\">Siguiente pueblo&#8230;<\/a><\/p>\n<\/div>\n","protected":false},"excerpt":{"rendered":"<p>* \u00bb Lugar de Prados \u00bb en \u00e1rabe, Almachar, centro de la Ruta de la Pasa y cuna del Ajo Blanco, una de las mejores sopas fr\u00edas de la gastronom\u00eda, que cuenta en este municipio con fiesta propia. Est\u00e1 situado entre suaves lomas jalonadas de vi\u00f1edos y paseros, donde se obtienen las pasas de reconocida &#8230; <a title=\"Alm\u00e1char\" class=\"read-more\" href=\"https:\/\/axarquiaonline.com\/index.php\/almachar\/\" aria-label=\"Leer m\u00e1s sobre Alm\u00e1char\">Leer m\u00e1s<\/a><\/p>\n","protected":false},"author":1,"featured_media":0,"parent":0,"menu_order":0,"comment_status":"closed","ping_status":"closed","template":"","meta":{"_seopress_robots_primary_cat":"","_seopress_titles_title":"","_seopress_titles_desc":"","_seopress_robots_index":"","_exactmetrics_skip_tracking":false,"_exactmetrics_sitenote_active":false,"_exactmetrics_sitenote_note":"","_exactmetrics_sitenote_category":0,"footnotes":""},"class_list":["post-41","page","type-page","status-publish"],"_links":{"self":[{"href":"https:\/\/axarquiaonline.com\/index.php\/wp-json\/wp\/v2\/pages\/41","targetHints":{"allow":["GET"]}}],"collection":[{"href":"https:\/\/axarquiaonline.com\/index.php\/wp-json\/wp\/v2\/pages"}],"about":[{"href":"https:\/\/axarquiaonline.com\/index.php\/wp-json\/wp\/v2\/types\/page"}],"author":[{"embeddable":true,"href":"https:\/\/axarquiaonline.com\/index.php\/wp-json\/wp\/v2\/users\/1"}],"replies":[{"embeddable":true,"href":"https:\/\/axarquiaonline.com\/index.php\/wp-json\/wp\/v2\/comments?post=41"}],"version-history":[{"count":3,"href":"https:\/\/axarquiaonline.com\/index.php\/wp-json\/wp\/v2\/pages\/41\/revisions"}],"predecessor-version":[{"id":114,"href":"https:\/\/axarquiaonline.com\/index.php\/wp-json\/wp\/v2\/pages\/41\/revisions\/114"}],"wp:attachment":[{"href":"https:\/\/axarquiaonline.com\/index.php\/wp-json\/wp\/v2\/media?parent=41"}],"curies":[{"name":"wp","href":"https:\/\/api.w.org\/{rel}","templated":true}]}}