{"id":2626,"date":"2019-04-06T21:52:21","date_gmt":"2019-04-06T20:52:21","guid":{"rendered":"https:\/\/axarquiaonline.com\/?page_id=2626"},"modified":"2019-07-15T19:59:01","modified_gmt":"2019-07-15T18:59:01","slug":"politica-de-cookies","status":"publish","type":"page","link":"https:\/\/axarquiaonline.com\/index.php\/politica-de-cookies\/","title":{"rendered":"Pol\u00edtica de cookies"},"content":{"rendered":"<p><strong>\u00bfQu\u00e9 es una cookie?<br \/>\n<\/strong>Una \u201cCookie\u201d es un peque\u00f1o archivo de texto que se almacena en el ordenador del usuario y nos permite reconocerle. El conjunto de \u201ccookies\u201d nos ayuda a mejorar la calidad de nuestra web, permiti\u00e9ndonos controlar qu\u00e9 p\u00e1ginas encuentran nuestros usuarios \u00fatiles y cu\u00e1les no.<\/p>\n<p>Las cookies son esenciales para el funcionamiento de internet, aportando innumerables ventajas en la prestaci\u00f3n de servicios interactivos, facilit\u00e1ndole la navegaci\u00f3n y usabilidad de nuestra web. Tenga en cuenta que las cookies no pueden da\u00f1ar su equipo y que, a cambio, el que est\u00e9n activadas nos ayudan a identificar y resolver los errores, as\u00ed como tambi\u00e9n nos permite identificar intereses y poder ofrecer los productos m\u00e1s interesantes para usted. Algunas de estas cookies son imprescindibles, ya que sin ellas la p\u00e1gina no puede funcionar correctamente. Otras cookies son muy \u00fatiles, pues recuerdan tu nombre de usuario de forma segura, as\u00ed como tus preferencias, por ejemplo, el idioma. Gracias a las cookies no es necesario que facilites la misma informaci\u00f3n cada vez que entras en una p\u00e1gina.<\/p>\n<p><strong>\u00bfPor qu\u00e9 usamos Cookies?<br \/>\n<\/strong>Usamos cookies para ofrecerte una experiencia m\u00e1s personalizada con tus preferencias. De esta manera no tendr\u00e1s que facilitar la misma informaci\u00f3n cada vez que visites la p\u00e1gina web. Las cookies se usan adem\u00e1s para mejorar el rendimiento de la p\u00e1gina, ya que hacen m\u00e1s f\u00e1cil el proceso de compra y te ayudan a encontrar art\u00edculos espec\u00edficos r\u00e1pidamente.<br \/>\n<strong>Tipos de cookie:<br \/>\n<\/strong>La informaci\u00f3n que le proporcionamos a continuaci\u00f3n, le ayudar\u00e1 a comprender los diferentes tipos de cookies:<\/p>\n<ul>\n<li><strong>Cookies de sesi\u00f3n: <\/strong>son cookies temporales que permanecen en el archivo de cookies de su navegador hasta que abandone la p\u00e1gina web, por lo que ninguna queda registrada en el disco duro del usuario. La informaci\u00f3n obtenida por medio de estas cookies, sirven para analizar pautas de tr\u00e1fico en la web. A la larga, esto nos permite proporcionar una mejor experiencia para mejorar el contenido y facilitando su uso.<\/li>\n<li><strong>Cookies permanentes: <\/strong>son almacenadas en el disco duro y nuestra web las lee cada vez que usted realiza una nueva visita. Una cookie permanente posee una fecha de expiraci\u00f3n determinada. La cookie dejar\u00e1 de funcionar despu\u00e9s de esa fecha.<\/li>\n<\/ul>\n<p>A continuaci\u00f3n publicamos una relaci\u00f3n de las principales cookies utilizadas en nuestra Web, distinguiendo:<\/p>\n<ul>\n<li><strong>Las cookies estrictamente necesarias <\/strong>como por ejemplo, aquellas que sirvan para una correcta navegaci\u00f3n o las que permitan realizar servicios solicitados por el usuario o cookies que sirvan para asegurar que el contenido de la p\u00e1gina web se carga eficazmente.<\/li>\n<li><strong>Las cookies de terceros <\/strong>como por ejemplo, las usadas por redes sociales, o por complementos externos de contenido.<\/li>\n<li><strong>Las cookies anal\u00edticas <\/strong>con prop\u00f3sitos de mantenimiento peri\u00f3dico, y en aras de garantizar el mejor servicio posible al usuario, los sitios web hacen uso normalmente de cookies \u201canal\u00edticas\u201d para recopilar datos estad\u00edsticos de la actividad que se realiza sobre la plataforma.<\/li>\n<\/ul>\n<p><strong>Relaci\u00f3n y descripci\u00f3n de las cookies que utilizamos en la p\u00e1gina web<br \/>\n<\/strong>La tabla que publicamos a continuaci\u00f3n recoge de forma esquematizada las cookies que utilizamos en nuestra p\u00e1gina web:<\/p>\n<table width=\"80%\">\n<tbody>\n<tr>\n<td width=\"90\"><strong>Cookie<\/strong><\/td>\n<td width=\"147\"><strong>Nombre<\/strong><\/td>\n<td width=\"299\"><strong>Finalidad\/M\u00e1s informaci\u00f3n<\/strong><\/td>\n<td width=\"91\"><strong>Vencimiento<\/strong><\/td>\n<\/tr>\n<tr>\n<td width=\"90\">lacasadelastitas.es<\/td>\n<td width=\"147\">String alfanume\u00e9rico aleatorio<br \/>\nPHPSESSID<br \/>\nprestashopcookieslaw<br \/>\nHome_box_cookie<br \/>\nProduct_box_cookie<br \/>\nCategory_box_cookie<br \/>\nCustom_box_cookie(Cookies Propias)<\/td>\n<td width=\"299\"><strong>La aplicaci\u00f3n web <\/strong>utiliza serie de cookies b\u00e1sicas para su correcto funcionamiento, ya que las distintas secciones del sitio web, as\u00ed como su funcionalidad de comercio electr\u00f3nico se controla a trav\u00e9s de datos y preferencias que dependen en todo momento de la sesi\u00f3n activa del usuario que visita el sitio web y de las acciones que efectua sobre la plataforma.<\/td>\n<td width=\"91\">1-30 d\u00edas<\/td>\n<\/tr>\n<tr>\n<td width=\"90\">Addshoppers<\/td>\n<td width=\"147\">addshoppers.com<\/td>\n<td width=\"299\">Esta cookie pertenece al servicio de addshoppers con el que permitimos a nuestros usuarios la posibilidad de compartir nuestro contenido en sus redes sociales.<\/td>\n<td width=\"91\">1-30 d\u00edas<\/td>\n<\/tr>\n<tr>\n<td width=\"90\">Google Analytics<\/td>\n<td width=\"147\">_utma<br \/>\n_utmb<br \/>\n_utmc<br \/>\n_utmv<br \/>\n_utmx<br \/>\n_utmxx<br \/>\n_utmz<br \/>\n_qca<br \/>\n_ga<\/td>\n<td width=\"299\">Hacemos uso de Google Analytics en el sitio web para poder hacer un seguimiento de la actividad realizada en \u00e9l. Las cookies de Google Analytics recopilan informaci\u00f3n de registro est\u00e1ndar y datos sobre los h\u00e1bitos de los visitantes de forma an\u00f3nima. M\u00e1s informaci\u00f3n:<a href=\"http:\/\/ecysa.es\/es\/content\/%5C\">developers.google.com<\/a> (en ingl\u00e9s)<\/td>\n<td width=\"91\">2 a\u00f1os<br \/>\n30 minutos<br \/>\nsesi\u00f3n<br \/>\n6 meses<br \/>\n2 a\u00f1os<br \/>\n\u2026..<\/td>\n<\/tr>\n<tr>\n<td width=\"90\">Facebook<\/td>\n<td width=\"147\">Cookie de terceros<\/td>\n<td width=\"299\">El almacenamiento local y otras tecnolog\u00edas parecidas indican cu\u00e1ndo entras en Facebook para que te podamos mostrar amigos a los que tambi\u00e9n les gusta nuestro sitio o alguna de sus p\u00e1ginas<\/td>\n<td width=\"91\">6 meses<\/td>\n<\/tr>\n<tr>\n<td width=\"90\">ClickTale<\/td>\n<td width=\"147\">__CT_Data<br \/>\nWRIgnore<br \/>\nWRUID<\/td>\n<td width=\"299\">Estas cookies pertenecen al servicio de ClickTale, proveedor l\u00edder mundial en Customer Experience Analytics, una forma revolucionaria de analizar el comportamiento online de los usuarios en las p\u00e1ginas web y mejorar su experiencia.<\/td>\n<td width=\"91\">Inmediato<\/td>\n<\/tr>\n<\/tbody>\n<\/table>\n<p><strong>Garant\u00edas complementarias <\/strong><strong>\u0096<\/strong><strong> Gesti<\/strong><strong>\u00f3<\/strong><strong>n de cookies: <\/strong>Como garant\u00eda complementaria a las anteriormente descritas, el registro de las cookies podr\u00e1 estar sujeto a su aceptaci\u00f3n durante la instalaci\u00f3n o puesta al d\u00eda del navegador usado, y esta aceptaci\u00f3n puede en todo momento ser revocada mediante las opciones de configuraci\u00f3n de contenidos y privacidad disponibles. Muchos navegadores permiten activar un modo privado mediante el cual las cookies se borran siempre despu\u00e9s de su visita. Dependiendo de cada navegador este modo privado, puede tener diferentes nombres. A continuaci\u00f3n encontrar\u00e1 una lista de los navegadores m\u00e1s comunes y los diferentes nombres de este \u0093modo privado\u0094:<\/p>\n<p><a href=\"https:\/\/support.microsoft.com\/es-es\/hub\/4337664\/microsoft-edge-help\" target=\"_blank\" rel=\"noopener noreferrer\"><strong>Internet Explorer 9<\/strong><\/a> y superior: InPrivate<\/p>\n<p><a href=\"https:\/\/www.apple.com\/es\/safari\/\" target=\"_blank\" rel=\"noopener noreferrer\"><strong>Safari 2<\/strong><\/a> y superior: Navegaci\u00f3n Privada<\/p>\n<p><a href=\"https:\/\/www.opera.com\/es\" target=\"_blank\" rel=\"noopener noreferrer\"><strong>Opera 10.5<\/strong><\/a> y superior: Navegaci\u00f3n Privada<\/p>\n<p><a href=\"https:\/\/www.mozilla.org\/es-ES\/firefox\/\" target=\"_blank\" rel=\"noopener noreferrer\"><strong>FireFox 3.5 <\/strong><\/a>y superior: Navegaci\u00f3n Privada<\/p>\n<p><a href=\"https:\/\/www.google.com\/intl\/es\/chrome\/\" target=\"_blank\" rel=\"noopener noreferrer\"><strong>Google Chrome 10<\/strong><\/a> y superior: Incognito<\/p>\n<p>Por otra parte, y si as\u00ed lo desea, puede navegar por nuestro sitio de la manera habitual pero desactivando las cookies en su navegador. A continuaci\u00f3n le orientamos en el proceso a seguir para desactivarlas en su navegador.<\/p>\n<p><strong>\u00bfC\u00f3mo puedo desactivar las cookies?<\/strong><br \/>\nModificar las preferencias de tu navegador para desactivar las cookies es muy sencillo, pero recuerda que en estos casos, algunas funcionalidades de la tienda virtual no estar\u00e1n disponibles para ti.<\/p>\n<p><strong>Firefox: <\/strong><\/p>\n<ul>\n<li>Abre Firefox.<\/li>\n<li>Pulsa la tecla \u00abAlt\u00bb del teclado.<\/li>\n<li>En el men\u00fa que aparece arriba en la pantalla, elige \u00abHerramientas\u00bb y despu\u00e9s \u00abOpciones\u00bb.<\/li>\n<li>Haz clic en \u00abPrivacidad\u00bb.<\/li>\n<li>En \u00abFirefox podr\u00e1\u00bb: elige \u00abUsar una configuraci\u00f3n personalizada para el historial\u00bb. Desmarca la opci\u00f3n \u00abAceptar cookies\u00bb para desactivarlas y guarda los cambios realizados.<\/li>\n<\/ul>\n<p><strong>Internet Explorer: <\/strong><\/p>\n<ul>\n<li>Abre Internet Explorer.<\/li>\n<li>Haz clic en el bot\u00f3n \u00abHerramientas\u00bb y despu\u00e9s en \u00abOpciones de internet\u00bb.<\/li>\n<li>Selecciona \u00abPrivacidad\u00bb.<\/li>\n<li>En \u00abAvanzada\u00bb puedes desactivar las cookies y guardar los cambios realizados.<\/li>\n<\/ul>\n<p><strong>Google Chrome: <\/strong><\/p>\n<ul>\n<li>Abre Google Chrome.<\/li>\n<li>Haz clic en el men\u00fa \u00abHerramientas\u00bb.<\/li>\n<li>Selecciona \u00abOpciones\u00bb.<\/li>\n<li>Haz clic en la pesta\u00f1a \u00abAvanzada\u00bb. En la secci\u00f3n \u00abPrivacidad\u00bb, haz clic en \u00abConfiguraci\u00f3n de contenido\u00bb.<\/li>\n<li>En la pesta\u00f1a \u00abCookies\u00bb puedes deshabilitar las cookies y guardar los cambios seleccionados.<\/li>\n<\/ul>\n<p><strong>Safari: <\/strong><\/p>\n<ul>\n<li>Abre Safari.<\/li>\n<li>Selecciona \u00abPreferencias\u00bb en el men\u00fa y haz clic en \u00abSeguridad\u00bb (parte superior derecha).<\/li>\n<li>En la secci\u00f3n \u201cAceptar cookies\u201d, puedes elegir si Safari debe aceptar las cookies de los sitios a los que entras. Para obtener m\u00e1s informaci\u00f3n, haz clic en el signo de interrogaci\u00f3n.<\/li>\n<li>Para ver las cookies que se han almacenado en tu ordenador, haz clic en \u00abVer cookies\u00bb.<\/li>\n<\/ul>\n<p><strong>Importante: <\/strong>Por favor, lea atentamente la secci\u00f3n de ayuda de su navegador para conocer m\u00e1s acerca de c\u00f3mo activar el modo privado. Podr\u00e1 seguir visitando nuestra web aunque su navegador est\u00e9 en \u0093modo privado\u0094, <strong>si bien, su navegaci\u00f3n por nuestra web puede no ser \u00f3ptima y algunas utilidades pueden no funcionar correctamente.<\/strong><\/p>\n","protected":false},"excerpt":{"rendered":"<p>\u00bfQu\u00e9 es una cookie? Una \u201cCookie\u201d es un peque\u00f1o archivo de texto que se almacena en el ordenador del usuario y nos permite reconocerle. El conjunto de \u201ccookies\u201d nos ayuda a mejorar la calidad de nuestra web, permiti\u00e9ndonos controlar qu\u00e9 p\u00e1ginas encuentran nuestros usuarios \u00fatiles y cu\u00e1les no. Las cookies son esenciales para el funcionamiento &#8230; <a title=\"Pol\u00edtica de cookies\" class=\"read-more\" href=\"https:\/\/axarquiaonline.com\/index.php\/politica-de-cookies\/\" aria-label=\"Leer m\u00e1s sobre Pol\u00edtica de cookies\">Leer m\u00e1s<\/a><\/p>\n","protected":false},"author":1,"featured_media":0,"parent":0,"menu_order":0,"comment_status":"closed","ping_status":"closed","template":"","meta":{"_seopress_robots_primary_cat":"","_seopress_titles_title":"","_seopress_titles_desc":"","_seopress_robots_index":"","_exactmetrics_skip_tracking":false,"_exactmetrics_sitenote_active":false,"_exactmetrics_sitenote_note":"","_exactmetrics_sitenote_category":0,"footnotes":""},"class_list":["post-2626","page","type-page","status-publish"],"_links":{"self":[{"href":"https:\/\/axarquiaonline.com\/index.php\/wp-json\/wp\/v2\/pages\/2626","targetHints":{"allow":["GET"]}}],"collection":[{"href":"https:\/\/axarquiaonline.com\/index.php\/wp-json\/wp\/v2\/pages"}],"about":[{"href":"https:\/\/axarquiaonline.com\/index.php\/wp-json\/wp\/v2\/types\/page"}],"author":[{"embeddable":true,"href":"https:\/\/axarquiaonline.com\/index.php\/wp-json\/wp\/v2\/users\/1"}],"replies":[{"embeddable":true,"href":"https:\/\/axarquiaonline.com\/index.php\/wp-json\/wp\/v2\/comments?post=2626"}],"version-history":[{"count":3,"href":"https:\/\/axarquiaonline.com\/index.php\/wp-json\/wp\/v2\/pages\/2626\/revisions"}],"predecessor-version":[{"id":2894,"href":"https:\/\/axarquiaonline.com\/index.php\/wp-json\/wp\/v2\/pages\/2626\/revisions\/2894"}],"wp:attachment":[{"href":"https:\/\/axarquiaonline.com\/index.php\/wp-json\/wp\/v2\/media?parent=2626"}],"curies":[{"name":"wp","href":"https:\/\/api.w.org\/{rel}","templated":true}]}}