{"id":1354,"date":"2016-12-05T12:19:59","date_gmt":"2016-12-05T12:19:59","guid":{"rendered":"http:\/\/axarquiaonline.com\/?page_id=1354"},"modified":"2016-12-05T12:19:59","modified_gmt":"2016-12-05T12:19:59","slug":"telefonos-de-interes","status":"publish","type":"page","link":"https:\/\/axarquiaonline.com\/index.php\/telefonos-de-interes\/","title":{"rendered":"Tel\u00e9fonos de inter\u00e9s"},"content":{"rendered":"<p><strong>Ayuntamientos.<\/strong><\/p>\n<p>M\u00e1laga: 952 209 603<br \/>\nV\u00e9lez-M\u00e1laga: 9520 559 100 | 9520 500 100<br \/>\nRinc\u00f3n de la Victoria: 952 402 300<br \/>\nTorrox: 952 538 200<br \/>\nNerja: 952 548 455<br \/>\nAlcauc\u00edn: 952 510 020<br \/>\nAlfarnate: 952 759 440<br \/>\nAlfarnatejo: 952 759 286<br \/>\nAlgarrobo: 952 552 430<br \/>\nAlm\u00e1char: 952 512 002<br \/>\n\u00c1rchez: 952 557 832<br \/>\nArenas: 952 509 006<br \/>\nBenamargosa: 952 517 401<br \/>\nBenamocarra: 952 509 534<br \/>\nEl Borge: 952 512 033<br \/>\nCanillas de Aceituno: 952 518 002<br \/>\nCanillas de Albaida: 952 553 006<br \/>\nColmenar: 952 730 001<br \/>\nComares: 952 509 233<br \/>\nC\u00f3mpeta: 952 516 029<br \/>\nC\u00fatar: 952 554 247<br \/>\nFrigiliana: 952 533 002<br \/>\nIznate: 952 509 776<br \/>\nMacharaviaya: 952 400 044<br \/>\nMoclinejo: 952 400 586<br \/>\nPeriana: 952 536 016<br \/>\nRiogordo: 952 732 558<br \/>\nSalares: 952 508 903<br \/>\nSayalonga: 952 535 237<br \/>\nSedella: 952 508 839<br \/>\nTotal\u00e1n: 952 400 215<br \/>\nLa Vi\u00f1uela: 952 519 002<\/p>\n<p><strong>Emergencias | Sanidad.<\/strong><\/p>\n<p>Todas las urgencias: 112<br \/>\nHospital Carlos Haya | Civil | Materno Infantil: 951 290 000<br \/>\nHospital Cl\u00ednico Universitario: 952 649 400<br \/>\nHospital C. Axarqu\u00eda: 951 067 000<\/p>\n<p><strong>Carreteras | Transportes.<\/strong><\/p>\n<p>Estado de las carreteras: 900 123 505<br \/>\nInformaci\u00f3n meteorol\u00f3gica: 906 325 555<br \/>\nAeropuerto de M\u00e1laga: 902 404 704<br \/>\nRenfe. Informaci\u00f3n y reserva: 902 240 505<br \/>\nEstaci\u00f3n de autobuses de M\u00e1laga: 952 350 061<br \/>\nPuerto de M\u00e1laga: 952 125 000<\/p>\n<p><strong>Oficinas de Turismo.<\/strong><\/p>\n<p>M\u00e1laga: 951 926 020<br \/>\nV\u00e9lez-M\u00e1laga: 952 557 763<br \/>\nTorre del Mar: 952 541 104<br \/>\nRinc\u00f3n de la Victoria: 952 407 768<br \/>\nTorrox: 952 538 106<br \/>\nNerja: 952 521 531<\/p>\n<p>&nbsp;<\/p>\n","protected":false},"excerpt":{"rendered":"<p>Ayuntamientos. M\u00e1laga: 952 209 603 V\u00e9lez-M\u00e1laga: 9520 559 100 | 9520 500 100 Rinc\u00f3n de la Victoria: 952 402 300 Torrox: 952 538 200 Nerja: 952 548 455 Alcauc\u00edn: 952 510 020 Alfarnate: 952 759 440 Alfarnatejo: 952 759 286 Algarrobo: 952 552 430 Alm\u00e1char: 952 512 002 \u00c1rchez: 952 557 832 Arenas: 952 509 &#8230; <a title=\"Tel\u00e9fonos de inter\u00e9s\" class=\"read-more\" href=\"https:\/\/axarquiaonline.com\/index.php\/telefonos-de-interes\/\" aria-label=\"Leer m\u00e1s sobre Tel\u00e9fonos de inter\u00e9s\">Leer m\u00e1s<\/a><\/p>\n","protected":false},"author":1,"featured_media":0,"parent":0,"menu_order":0,"comment_status":"closed","ping_status":"closed","template":"","meta":{"_seopress_robots_primary_cat":"","_seopress_titles_title":"","_seopress_titles_desc":"","_seopress_robots_index":"","_exactmetrics_skip_tracking":false,"_exactmetrics_sitenote_active":false,"_exactmetrics_sitenote_note":"","_exactmetrics_sitenote_category":0,"footnotes":""},"class_list":["post-1354","page","type-page","status-publish"],"_links":{"self":[{"href":"https:\/\/axarquiaonline.com\/index.php\/wp-json\/wp\/v2\/pages\/1354","targetHints":{"allow":["GET"]}}],"collection":[{"href":"https:\/\/axarquiaonline.com\/index.php\/wp-json\/wp\/v2\/pages"}],"about":[{"href":"https:\/\/axarquiaonline.com\/index.php\/wp-json\/wp\/v2\/types\/page"}],"author":[{"embeddable":true,"href":"https:\/\/axarquiaonline.com\/index.php\/wp-json\/wp\/v2\/users\/1"}],"replies":[{"embeddable":true,"href":"https:\/\/axarquiaonline.com\/index.php\/wp-json\/wp\/v2\/comments?post=1354"}],"version-history":[{"count":1,"href":"https:\/\/axarquiaonline.com\/index.php\/wp-json\/wp\/v2\/pages\/1354\/revisions"}],"predecessor-version":[{"id":1355,"href":"https:\/\/axarquiaonline.com\/index.php\/wp-json\/wp\/v2\/pages\/1354\/revisions\/1355"}],"wp:attachment":[{"href":"https:\/\/axarquiaonline.com\/index.php\/wp-json\/wp\/v2\/media?parent=1354"}],"curies":[{"name":"wp","href":"https:\/\/api.w.org\/{rel}","templated":true}]}}